[INFO] cloning repository https://github.com/ben-jl/peuler
[INFO] running `Command { std: "git" "-c" "credential.helper=" "-c" "credential.helper=/workspace/cargo-home/bin/git-credential-null" "clone" "--bare" "https://github.com/ben-jl/peuler" "/workspace/cache/git-repos/https%3A%2F%2Fgithub.com%2Fben-jl%2Fpeuler", kill_on_drop: false }`
[INFO] [stderr] Cloning into bare repository '/workspace/cache/git-repos/https%3A%2F%2Fgithub.com%2Fben-jl%2Fpeuler'...
[INFO] running `Command { std: "git" "rev-parse" "HEAD", kill_on_drop: false }`
[INFO] [stdout] 37d1b0ae8ad4d6c3fd0fe96e3c954e2b9a84c886
[INFO] checking ben-jl/peuler against master#e6e4f7ed1589e03bc2f6c5931c1a72e7947e8682 for beta-170-4
[INFO] running `Command { std: "git" "clone" "/workspace/cache/git-repos/https%3A%2F%2Fgithub.com%2Fben-jl%2Fpeuler" "/workspace/builds/worker-2-tc2/source", kill_on_drop: false }`
[INFO] [stderr] Cloning into '/workspace/builds/worker-2-tc2/source'...
[INFO] [stderr] done.
[INFO] validating manifest of git repo https://github.com/ben-jl/peuler on toolchain e6e4f7ed1589e03bc2f6c5931c1a72e7947e8682
[INFO] running `Command { std: CARGO_HOME="/workspace/cargo-home" RUSTUP_HOME="/workspace/rustup-home" "/workspace/cargo-home/bin/cargo" "+e6e4f7ed1589e03bc2f6c5931c1a72e7947e8682" "metadata" "--manifest-path" "Cargo.toml" "--no-deps", kill_on_drop: false }`
[INFO] started tweaking git repo https://github.com/ben-jl/peuler
[INFO] finished tweaking git repo https://github.com/ben-jl/peuler
[INFO] tweaked toml for git repo https://github.com/ben-jl/peuler written to /workspace/builds/worker-2-tc2/source/Cargo.toml
[INFO] crate git repo https://github.com/ben-jl/peuler already has a lockfile, it will not be regenerated
[INFO] running `Command { std: CARGO_HOME="/workspace/cargo-home" RUSTUP_HOME="/workspace/rustup-home" "/workspace/cargo-home/bin/cargo" "+e6e4f7ed1589e03bc2f6c5931c1a72e7947e8682" "fetch" "--manifest-path" "Cargo.toml", kill_on_drop: false }`
[INFO] running `Command { std: "docker" "create" "-v" "/var/lib/crater-agent-workspace/builds/worker-2-tc2/target:/opt/rustwide/target:rw,Z" "-v" "/var/lib/crater-agent-workspace/builds/worker-2-tc2/source:/opt/rustwide/workdir:ro,Z" "-v" "/var/lib/crater-agent-workspace/cargo-home:/opt/rustwide/cargo-home:ro,Z" "-v" "/var/lib/crater-agent-workspace/rustup-home:/opt/rustwide/rustup-home:ro,Z" "-e" "SOURCE_DIR=/opt/rustwide/workdir" "-e" "CARGO_TARGET_DIR=/opt/rustwide/target" "-e" "CARGO_HOME=/opt/rustwide/cargo-home" "-e" "RUSTUP_HOME=/opt/rustwide/rustup-home" "-w" "/opt/rustwide/workdir" "-m" "1610612736" "--user" "0:0" "--network" "none" "ghcr.io/rust-lang/crates-build-env/linux@sha256:19e73879b68f455e41552ea35293514db52ea292d993f571636dbffedb77a1ee" "/opt/rustwide/cargo-home/bin/cargo" "+e6e4f7ed1589e03bc2f6c5931c1a72e7947e8682" "metadata" "--no-deps" "--format-version=1", kill_on_drop: false }`
[INFO] [stdout] 65bd6aec109ddc72503e7e3e918f414a123445eac050e53975fab14193e13e42
[INFO] running `Command { std: "docker" "start" "-a" "65bd6aec109ddc72503e7e3e918f414a123445eac050e53975fab14193e13e42", kill_on_drop: false }`
[INFO] running `Command { std: "docker" "inspect" "65bd6aec109ddc72503e7e3e918f414a123445eac050e53975fab14193e13e42", kill_on_drop: false }`
[INFO] running `Command { std: "docker" "rm" "-f" "65bd6aec109ddc72503e7e3e918f414a123445eac050e53975fab14193e13e42", kill_on_drop: false }`
[INFO] [stdout] 65bd6aec109ddc72503e7e3e918f414a123445eac050e53975fab14193e13e42
[INFO] running `Command { std: "docker" "create" "-v" "/var/lib/crater-agent-workspace/builds/worker-2-tc2/target:/opt/rustwide/target:rw,Z" "-v" "/var/lib/crater-agent-workspace/builds/worker-2-tc2/source:/opt/rustwide/workdir:ro,Z" "-v" "/var/lib/crater-agent-workspace/cargo-home:/opt/rustwide/cargo-home:ro,Z" "-v" "/var/lib/crater-agent-workspace/rustup-home:/opt/rustwide/rustup-home:ro,Z" "-e" "SOURCE_DIR=/opt/rustwide/workdir" "-e" "CARGO_TARGET_DIR=/opt/rustwide/target" "-e" "CARGO_INCREMENTAL=0" "-e" "RUST_BACKTRACE=full" "-e" "RUSTFLAGS=--cap-lints=forbid" "-e" "RUSTDOCFLAGS=--cap-lints=forbid" "-e" "CARGO_HOME=/opt/rustwide/cargo-home" "-e" "RUSTUP_HOME=/opt/rustwide/rustup-home" "-w" "/opt/rustwide/workdir" "-m" "1610612736" "--user" "0:0" "--network" "none" "ghcr.io/rust-lang/crates-build-env/linux@sha256:19e73879b68f455e41552ea35293514db52ea292d993f571636dbffedb77a1ee" "/opt/rustwide/cargo-home/bin/cargo" "+e6e4f7ed1589e03bc2f6c5931c1a72e7947e8682" "check" "--frozen" "--all" "--all-targets" "--message-format=json", kill_on_drop: false }`
[INFO] [stdout] c83655c7aba1b3df915c7178cab1b35a5aa57aa0fd0d7f4b77ff2332fff5e978
[INFO] running `Command { std: "docker" "start" "-a" "c83655c7aba1b3df915c7178cab1b35a5aa57aa0fd0d7f4b77ff2332fff5e978", kill_on_drop: false }`
[INFO] [stderr]     Checking peuler v0.1.0 (/opt/rustwide/workdir)
[INFO] [stdout] warning: unused import: `std::iter::FromIterator`
[INFO] [stdout]  --> src/bin/p18.rs:1:5
[INFO] [stdout]   |
[INFO] [stdout] 1 | use std::iter::FromIterator;
[INFO] [stdout]   |     ^^^^^^^^^^^^^^^^^^^^^^^
[INFO] [stdout]   |
[INFO] [stdout]   = note: `#[warn(unused_imports)]` on by default
[INFO] [stdout] 
[INFO] [stdout] 
[INFO] [stdout] warning: field `max_ix` is never read
[INFO] [stdout]   --> src/bin/p18.rs:40:5
[INFO] [stdout]    |
[INFO] [stdout] 38 | pub struct SumTriangle<const B : usize> {
[INFO] [stdout]    |            ----------- field in this struct
[INFO] [stdout] 39 |     entries: [[u32 ; B ] ; B],
[INFO] [stdout] 40 |     max_ix: usize,
[INFO] [stdout]    |     ^^^^^^
[INFO] [stdout]    |
[INFO] [stdout]    = note: `SumTriangle` has a derived impl for the trait `Debug`, but this is intentionally ignored during dead code analysis
[INFO] [stdout]    = note: `#[warn(dead_code)]` on by default
[INFO] [stdout] 
[INFO] [stdout] 
[INFO] [stdout] warning: function `load_input` is never used
[INFO] [stdout]   --> src/bin/p18.rs:98:4
[INFO] [stdout]    |
[INFO] [stdout] 98 | fn load_input(path: &std::path::Path) -> std::io::Result<Vec<u32>> {
[INFO] [stdout]    |    ^^^^^^^^^^
[INFO] [stdout] 
[INFO] [stdout] 
[INFO] [stdout] error[E0432]: unresolved import `peulerlib`
[INFO] [stdout]  --> tests/prime_sieve_tests.rs:1:5
[INFO] [stdout]   |
[INFO] [stdout] 1 | use peulerlib;
[INFO] [stdout]   |     ^^^^^^^^^ no external crate `peulerlib`
[INFO] [stdout] 
[INFO] [stdout] 
[INFO] [stdout] warning: 3 warnings emitted
[INFO] [stdout] 
[INFO] [stdout] 
[INFO] [stdout] error: aborting due to previous error
[INFO] [stdout] 
[INFO] [stdout] 
[INFO] [stdout] For more information about this error, try `rustc --explain E0432`.
[INFO] [stdout] 
[INFO] [stderr] error: could not compile `peuler` (test "prime_sieve_tests") due to 2 previous errors
[INFO] [stderr] warning: build failed, waiting for other jobs to finish...
[INFO] [stdout] warning: unused imports: `Iter`, `VecDeque`
[INFO] [stdout]  --> src/bin/p15.rs:1:35
[INFO] [stdout]   |
[INFO] [stdout] 1 | use std::collections::vec_deque::{VecDeque, Iter};
[INFO] [stdout]   |                                   ^^^^^^^^  ^^^^
[INFO] [stdout]   |
[INFO] [stdout]   = note: `#[warn(unused_imports)]` on by default
[INFO] [stdout] 
[INFO] [stdout] 
[INFO] [stdout] warning: unused imports: `Iter`, `VecDeque`
[INFO] [stdout]  --> src/bin/p15.rs:1:35
[INFO] [stdout]   |
[INFO] [stdout] 1 | use std::collections::vec_deque::{VecDeque, Iter};
[INFO] [stdout]   |                                   ^^^^^^^^  ^^^^
[INFO] [stdout]   |
[INFO] [stdout]   = note: `#[warn(unused_imports)]` on by default
[INFO] [stdout] 
[INFO] [stdout] 
[INFO] [stdout] warning: unused import: `std::iter::FromIterator`
[INFO] [stdout]  --> src/bin/p18.rs:1:5
[INFO] [stdout]   |
[INFO] [stdout] 1 | use std::iter::FromIterator;
[INFO] [stdout]   |     ^^^^^^^^^^^^^^^^^^^^^^^
[INFO] [stdout]   |
[INFO] [stdout]   = note: `#[warn(unused_imports)]` on by default
[INFO] [stdout] 
[INFO] [stdout] 
[INFO] [stdout] warning: field `width` is never read
[INFO] [stdout]   --> src/bin/p15.rs:16:5
[INFO] [stdout]    |
[INFO] [stdout] 14 | pub struct Lattice {
[INFO] [stdout]    |            ------- field in this struct
[INFO] [stdout] 15 |     height: usize,
[INFO] [stdout] 16 |     width: usize,
[INFO] [stdout]    |     ^^^^^
[INFO] [stdout]    |
[INFO] [stdout]    = note: `Lattice` has a derived impl for the trait `Debug`, but this is intentionally ignored during dead code analysis
[INFO] [stdout]    = note: `#[warn(dead_code)]` on by default
[INFO] [stdout] 
[INFO] [stdout] 
[INFO] [stdout] warning: 2 warnings emitted
[INFO] [stdout] 
[INFO] [stdout] 
[INFO] [stdout] error[E0432]: unresolved import `criterion`
[INFO] [stdout]  --> benches/prime_benchmarks.rs:1:5
[INFO] [stdout]   |
[INFO] [stdout] 1 | use criterion::{black_box, criterion_group, criterion_main, Criterion};
[INFO] [stdout]   |     ^^^^^^^^^ use of undeclared crate or module `criterion`
[INFO] [stdout] 
[INFO] [stdout] 
[INFO] [stdout] error[E0432]: unresolved import `peulerlib`
[INFO] [stdout]  --> benches/prime_benchmarks.rs:2:5
[INFO] [stdout]   |
[INFO] [stdout] 2 | use peulerlib;
[INFO] [stdout]   |     ^^^^^^^^^ no external crate `peulerlib`
[INFO] [stdout] 
[INFO] [stdout] 
[INFO] [stdout] error: cannot determine resolution for the macro `criterion_main`
[INFO] [stdout]   --> benches/prime_benchmarks.rs:36:1
[INFO] [stdout]    |
[INFO] [stdout] 36 | criterion_main!(benches);
[INFO] [stdout]    | ^^^^^^^^^^^^^^
[INFO] [stdout]    |
[INFO] [stdout]    = note: import resolution is stuck, try simplifying macro imports
[INFO] [stdout] 
[INFO] [stdout] 
[INFO] [stdout] error: cannot determine resolution for the macro `criterion_group`
[INFO] [stdout]   --> benches/prime_benchmarks.rs:35:1
[INFO] [stdout]    |
[INFO] [stdout] 35 | criterion_group!(benches, sieve_basic_bencmark, collatz_basic_bench);
[INFO] [stdout]    | ^^^^^^^^^^^^^^^
[INFO] [stdout]    |
[INFO] [stdout]    = note: import resolution is stuck, try simplifying macro imports
[INFO] [stdout] 
[INFO] [stdout] 
[INFO] [stdout] warning: unnecessary parentheses around `for` iterator expression
[INFO] [stdout]   --> benches/prime_benchmarks.rs:11:14
[INFO] [stdout]    |
[INFO] [stdout] 11 |     for i in (2..n) {
[INFO] [stdout]    |              ^    ^
[INFO] [stdout]    |
[INFO] [stdout]    = note: `#[warn(unused_parens)]` on by default
[INFO] [stdout] help: remove these parentheses
[INFO] [stdout]    |
[INFO] [stdout] 11 -     for i in (2..n) {
[INFO] [stdout] 11 +     for i in 2..n {
[INFO] [stdout]    |
[INFO] [stdout] 
[INFO] [stdout] 
[INFO] [stdout] warning: unnecessary parentheses around `if` condition
[INFO] [stdout]   --> benches/prime_benchmarks.rs:13:11
[INFO] [stdout]    |
[INFO] [stdout] 13 |         if(val.len() > largest_seen_vec.len()) {
[INFO] [stdout]    |           ^                                  ^
[INFO] [stdout]    |
[INFO] [stdout] help: remove these parentheses
[INFO] [stdout]    |
[INFO] [stdout] 13 -         if(val.len() > largest_seen_vec.len()) {
[INFO] [stdout] 13 +         if val.len() > largest_seen_vec.len() {
[INFO] [stdout]    |
[INFO] [stdout] 
[INFO] [stdout] 
[INFO] [stdout] warning: field `max_ix` is never read
[INFO] [stdout]   --> src/bin/p18.rs:40:5
[INFO] [stdout]    |
[INFO] [stdout] 38 | pub struct SumTriangle<const B : usize> {
[INFO] [stdout]    |            ----------- field in this struct
[INFO] [stdout] 39 |     entries: [[u32 ; B ] ; B],
[INFO] [stdout] 40 |     max_ix: usize,
[INFO] [stdout]    |     ^^^^^^
[INFO] [stdout]    |
[INFO] [stdout]    = note: `SumTriangle` has a derived impl for the trait `Debug`, but this is intentionally ignored during dead code analysis
[INFO] [stdout]    = note: `#[warn(dead_code)]` on by default
[INFO] [stdout] 
[INFO] [stdout] 
[INFO] [stdout] warning: function `load_input` is never used
[INFO] [stdout]   --> src/bin/p18.rs:98:4
[INFO] [stdout]    |
[INFO] [stdout] 98 | fn load_input(path: &std::path::Path) -> std::io::Result<Vec<u32>> {
[INFO] [stdout]    |    ^^^^^^^^^^
[INFO] [stdout] 
[INFO] [stdout] 
[INFO] [stdout] error: aborting due to 4 previous errors; 2 warnings emitted
[INFO] [stdout] 
[INFO] [stdout] 
[INFO] [stdout] warning: field `width` is never read
[INFO] [stdout]   --> src/bin/p15.rs:16:5
[INFO] [stdout]    |
[INFO] [stdout] 14 | pub struct Lattice {
[INFO] [stdout]    |            ------- field in this struct
[INFO] [stdout] 15 |     height: usize,
[INFO] [stdout] 16 |     width: usize,
[INFO] [stdout]    |     ^^^^^
[INFO] [stdout]    |
[INFO] [stdout]    = note: `Lattice` has a derived impl for the trait `Debug`, but this is intentionally ignored during dead code analysis
[INFO] [stdout]    = note: `#[warn(dead_code)]` on by default
[INFO] [stdout] 
[INFO] [stdout] 
[INFO] [stdout] For more information about this error, try `rustc --explain E0432`.
[INFO] [stdout] 
[INFO] [stdout] warning: 3 warnings emitted
[INFO] [stdout] 
[INFO] [stdout] 
[INFO] [stderr] error: could not compile `peuler` (bench "prime_benchmarks") due to 5 previous errors; 2 warnings emitted
[INFO] [stdout] warning: 2 warnings emitted
[INFO] [stdout] 
[INFO] [stdout] 
[INFO] running `Command { std: "docker" "inspect" "c83655c7aba1b3df915c7178cab1b35a5aa57aa0fd0d7f4b77ff2332fff5e978", kill_on_drop: false }`
[INFO] running `Command { std: "docker" "rm" "-f" "c83655c7aba1b3df915c7178cab1b35a5aa57aa0fd0d7f4b77ff2332fff5e978", kill_on_drop: false }`
[INFO] [stdout] c83655c7aba1b3df915c7178cab1b35a5aa57aa0fd0d7f4b77ff2332fff5e978
